 f(z).
-10
Let v(u) = -2*u + 8. Let p = -39 - -41. Let m(k) = -1. Let x(j) = p*m(j) + v(j). Give x(5).
-4
Suppose 0*w + 4*k = -w + 12, 3*k = -5*w + 26. Let p(d) be the first derivative of 3*d**2 - 3*d - 2 + 4/3*d**3 - 1/4*d**w. What is p(5)?
2
Let x(a) = -6*a + 6 + a + 3*a - a. Let j(c) = 4*c - 7. Let q = 36 + -34. Let h(m) = q*j(m) + 3*x(m). Give h(6).
-2
Let u(n) = -n**3 + 1. Let b(x) be the first derivative of -x**4 - 2*x**3 + 4*x + 12. Let l(w) = -b(w) + 3*u(w). Give l(-6).
-1
Suppose -s = -0*s - 5. Let n(j) be the first derivative of 3 + 2*j**2 + 1/4*j**4 - 2*j**3 + 3*j. Give n(s).
-2
Let j(a) be the second derivative of -13*a + 0 + 0*a**2 + 1/3*a**3. Calculate j(3).
6
Let l(s) = 2*s**2 + s. Let b be (-1 + 33/12)*4. Suppose -b*t + 6 - 20 = 0. Calculate l(t).
6
Let d(j) = 2*j + 29. Let o(l) = -l - 20. Let z(y) = 5*d(y) + 8*o(y). Calculate z(9).
3
Let g(o) = o - 4. Let h be g(6). Let f(l) = -9*l**h - 6*l**2 + 15 + 2*l**2 + 12*l**2 - 4*l. Let p be f(-7). Let t(x) = -x**3 - 5*x**2 + 7*x - 6. Calculate t(p).
-12
Let h(g) be the first derivative of 9*g**4/2 - 2*g**3/3 + g - 19. What is h(-1)?
-19
Let y(o) = 2*o**2 - 6*o - 4. Suppose 3 - 57 = -9*h. Suppose p - h = -1. Give y(p).
16
Let y(c) be the second derivative of -c**4/12 + 7*c**3/6 - c**2 + 592*c. Let r be 8/6 + 2/(-6). Suppose -x = -u - 8 + r, 3*x = 2*u + 20. What is y(x)?
4
Let g = -1019 - -1019. Let c(f) = 3*f**2 + 3*f + 1. Let w(t) = 5*t**2 + 5*t + 2. Let h(r) = -8*c(r) + 5*w(r). Calculate h(g).
2
Let p(t) = -4*t + 4. Suppose -5*z + 18 = 5*g + 3, 3*g - 19 = -5*z. What is p(z)?
-16
Let h be (-5)/(-10)*16/(-2). Let g(l) = 9*l - 2. What is g(h)?
-38
Let z(t) be the third derivative of 0 + 1/120*t**6 - t**3 + 0*t + 9*t**2 + 3/8*t**4 - 2/15*t**5. Give z(7).
8
Let t(j) be the third derivative of j**5/30 + 5*j**4/24 + j**3/2 - 2*j**2 - 15*j. Let r be 0 + (3 - 1) + -5. Determine t(r).
6
Let a be 4/((-4)/3) + -1. Let p be ((-4)/1)/(a/6). Let o(l) = 3*l - 3. Calculate o(p).
15
Let f(q) = -1 - q + 0 + 3. Suppose -4*z - z = -110. Let l = z - 27. Determine f(l).
7
Let x(a) = -4*a - 1. Suppose -4*l - 3 = -3*k - 22, 5*l = -4*k + 16. What is x(k)?
3
Let j(q) = q**3 + 4*q**2 - 4*q + 6. Let i be 1*5*(-1)/1. Let o be j(i). Let u(g) = -87*g - 77*g + 160*g + 1. What is u(o)?
-3
Let q(m) = -m + 3. Suppose -9*h + 6*h - 3*p - 30 = 0, -2*h = -4*p + 2. Calculate q(h).
10
Let g(y) = y + 7. Let o(s) = 3*s - 6. Let x be o(5). Suppose -x = -4*r + 3*d, -3*r = -3*d - 6 - 3. Determine g(r).
7
Let i(b) be the second derivative of b**4/12 - b. Suppose -4 = -5*l - 4*o + 8, 2*l - o = 10. Suppose l = q + 3*n - 6*n, 0 = -5*q + 5*n. Calculate i(q).
4
Let a be 4 - 0 - (0 - -2). Let b(q) = -14*q + 2. Let h(o) = -26*o + 3. Let v(n) = 5*b(n) - 3*h(n). Calculate v(a).
17
Let f(d) = -d**2 + 6*d + 8. Suppose 11*q = -43 + 131. Give f(q).
-8
Let d(c) = -c**2 - c - 4. Let q = -2 + 1. Suppose 12 = 8*z + 4. Let b = z + q. Determine d(b).
-4
Let u = 42 - 44. Let l(x) = -23*x**3 - 6*x**2 - 14*x - 6. Let q(r) = 8*r**3 + 2*r**2 + 5*r + 2. Let y(s) = 6*l(s) + 17*q(s). What is y(u)?
4
Let o(p) = -5*p**2 + 3*p - 2. Let g(v) = -4*v**2 + 4*v - 1. Let k(m) = -4*g(m) + 3*o(m). What is k(7)?
-2
Let f(s) = -s**2 + 6*s - 3. Suppose 0 = 2*x - 6 - 0. Let g be f(x). Let l(o) = -7*o - 3. Let i(w) = 3*w + 1. Let k(n) = -9*i(n) - 4*l(n). Give k(g).
9
Let w(m) = -m - 8. Suppose -3*n + 8*n = 220. Let o = 39 - n. Calculate w(o).
-3
Let n(c) = -c - 4. Suppose 5*x - 21 = -6, t + 11 = 3*x. Give n(t).
-2
Let y be (4 - 5)*(-1)/1. Let k(f) = -14*f + 5. Let s(u) = -2 + 5 - 2 - u. Let w(r) = k(r) - 4*s(r). Calculate w(y).
-9
Let x(f) be the first derivative of -f**2/2 + 3*f + 91. Calculate x(-4).
7
Let q(s) be the third derivative of -s**5/60 + s**4/4 - s**3/3 - 647*s**2. Calculate q(5).
3
Let u = -10 + 15. Let g(y) = -1 - 5 + u - 9*y**3 - y. Suppose -1 + 4 = -3*v. Calculate g(v).
9
Suppose 4*q + 0*q - 48 = 0. Suppose q = -23*i + 19*i. Let s(o) = -2*o + 2. What is s(i)?
8
Let z(o) be the third derivative of -9*o**6/20 + o**5/30 + o**4/12 - 3*o**2. Let i be z(-1). Let n(j) = i - 2*j - 57 + 0*j. Calculate n(3).
-9
Let w(o) = -2*o**3 + o**2. Suppose 14*h + 11 + 3 = 0. Give w(h).
3
Let l(i) = 2*i**2 - 5*i + 5. Let u be 1 - 21/(-3 + -4). Determine l(u).
17
Let q(z) = -2*z - 12. Let u(d) = -d - 6. Let b(g) = 3*q(g) - 7*u(g). Let w = 753 + -746. Determine b(w).
13
Let v(p) = 7*p**3 - 9*p**2 + 7*p + 3. Let o(r) = 3*r**3 - 5*r**2 + 4*r + 2. Let q be 2 + 5/(10/(-8)). Let k(d) = q*v(d) + 5*o(d). Give k(6).
4
Suppose 2 = -s - 1. Suppose -6 = 3*u - 4*u. Let i(q) = -q**2 - 3 + 3 - u*q - 4 + q. What is i(s)?
2
Let v(j) = -6*j - 2. Suppose -3*c = w - 5, -c = 4*w + c. What is v(w)?
4
Let p(g) = 4*g**3 + 8*g**3 - 13*g**3 + g. Determine p(1).
0
Let l(u) be the first derivative of -u**4/4 - 11*u**3/3 - 9*u**2/2 + 9*u - 192. Calculate l(-10).
-1
Let n(a) be the first derivative of a**3/3 - a**2 - 3*a - 21. Suppose -l = -5*r + 3*r + 6, 4*l = -5*r + 41. Determine n(r).
12
Let a(z) = -9*z**3 - z. Suppose 6*s - s = -20. Let w be s/(-8) + (-4)/8. Let j be 2/(-2) + w/2. Give a(j).
10
Let f(t) = t**2 + 9*t + 6. Let m be f(-8). Let n = m - 3. Let z(q) = -q**3 - 4*q**2 + 3*q + 4. Give z(n).
14
Let j(s) be the third derivative of -s**7/2520 - s**6/240 + 2*s**5/15 + 2*s**2. Let p(l) be the third derivative of j(l). Determine p(4).
-11
Suppose -152 = 5*m - 2*g + 3*g, 0 = 3*m + 4*g + 98. Let c = m + 27. Let k(p) = -p**2 - 2*p - 2. Give k(c).
-5
Let v(p) = p**2 - 11*p + 17. Let n be 28/35 + 1/(15/138). Determine v(n).
7
Let k(s) be the second derivative of s**4/12 - 13*s**3/6 + 4*s**2 + s. Let r(i) = i + 1. Let u be r(4). Let p(b) = -b. Let y(g) = u*p(g) - k(g). Determine y(6).
4
Let j(i) = 1 + i - 2*i - 8*i**2 + 3*i**2 + 4*i**2 + i**3. Let x(a) = 2*a**3 - 5*a**2 - a + 5. Let t(d) = 3*j(d) - x(d). Give t(2).
10
Let m(y) be the second derivative of -5*y**3/6 - 15*y**2 + 180*y. Determine m(-7).
5
Let u(i) be the second derivative of i + 4/3*i**3 + 0 + 1/12*i**4 + 7/2*i**2. Calculate u(-5).
-8
Let f(m) = -m + 47. Let d(l) = 7*l - 235. Let w(o) = -2*d(o) - 11*f(o). Determine w(-15).
-2
Let q(g) be the third derivative of g**4/8 + 5*g**3/6 - 80*g**2. Calculate q(5).
20
Suppose -3*q - 4*f + 11 = 0, 3*f + 8 = -3*q + 14. Let l(y) = -3*y**2 + 6*y - 3. Let t(k) = 2*k**2 - 5*k + 3. Let n(m) = 3*l(m) + 4*t(m). Give n(q).
0
Let t(q) = q**3 + 8*q**2 + 3*q + 14. Let z be 1/2*(-848)/53. Determine t(z).
-10
Let p(c) = c**3 - 5*c + 2*c**2 + c**2 - 2*c + 4*c**2. Let u(r) = 2*r**3 + 15*r**2 - 15*r + 1. Let b = 7 + -2. Let v(n) = b*p(n) - 2*u(n). What is v(-6)?
-8
Let g(a) = 1 + 7*a**3 - 7*a**2 - 16*a**3 - 5*a + 8*a**3. Let f be g(-6). Let q(x) = 5*x - 8*x - 2 + 2 - x**2. What is q(f)?
-10
Let b(g) be the third derivative of 0*g**3 + 0*g + 1/6*g**4 - 6*g**2 + 0. What is b(3)?
12
Let m(q) = -2*q - 4. Let w = -79 - -25. Let j = w - -51. Give m(j).
2
Let a(m) = 2*m + 9. Let o(i) = 8. Let z(u) = -5*a(u) + 6*o(u). Give z(2).
-17
Let x(a) = 11*a + 26. Let l be x(-6). Let s = l + 42. Let w(n) be the third derivative of -n**6/120 - n**5/60 - n**3/6 + n**2. What is w(s)?
-13
Let p(j) = -89*j + 41*j + 4 + 47*j - 2*j**2. Calculate p(-3).
-11
Let g(a) be the second derivative of -2*a**2 + 1/3*a**3 - 29*a + 0. Let t be (-27)/5 - (-8)/20. What is g(t)?
-14
Let f(w) = -w**3 - 5*w**2 - w + 3. Let g be 14/(-42) + 16/3. Suppose -10 = k - g. Calculate f(k).
8
Let p(o) = -9*o + 47. Let n be p(5). Let r(u) = 15 - 125*u**n + 126*u**2 - 3*u - 4 + 13*u. Determine r(-10).
11
Let i(q) be the second derivative of -q**5/20 - q**4/12 - q**3/3 - 8*q**2 - 3*q + 9. Calculate i(0).
-16
Let j(v) be the third derivative of v**6/360 - v**5/15 + v**4/4 + v**3/6 - 11*v**2. Let y(o) be the first derivative of j(o). Calculate y(4).
-10
Let h(c) = -c + 25. Suppose y + 3*v - 30 = 0, 8 = 9*v - 7*v. Determine h(y).
7
Suppose -7*y - 2*y = -441. Let l(c) = y + 3*c - 52 - 5*c + c**3. Determine l(-3).
-24
Let t = -10 - -3. Let q = t + 6. Let m(w) = -1 + 0*w**2 - w**2 + 2*w - 3*w + 2*w**2. Determine m(q).
1
Suppose 3*a - 5*g = 14, 18*a - 14*a + 4*g = 40. Let t(i) = -3*i - 3 + 0*i - 4*i + i**2. Determine t(a).
5
Let l(c) be the first derivative of -c**3/3 - c**2/2 - 2*c + 29. Calculate l(-2).
-4
Let d(k) = k**2 + 7365 - 7370 + 6*k + 0*k**2. Give d(-4).
-13
Let j(q) 